{"id":3205,"date":"2017-12-13T17:13:23","date_gmt":"2017-12-13T20:13:23","guid":{"rendered":"http:\/\/www.ellogo.com.uy\/web\/?post_type=product&#038;p=3205"},"modified":"2017-12-13T17:13:23","modified_gmt":"2017-12-13T20:13:23","slug":"autoradio-jvc-kd-x230","status":"publish","type":"product","link":"https:\/\/www.ellogo.com.uy\/web\/producto\/autoradio-jvc-kd-x230\/","title":{"rendered":"Autoradio &#8211; JVC KD-X230"},"content":{"rendered":"<h3>Autoradio &#8211; JVC KD-X230, Entrada USB \/ AUX<\/h3>\r\nDale alegr\u00eda a tus viajes con una autorradio que te permita escuchar tus propias listas musicales y as\u00ed poder cantarlas mientras esperas en esas interminables colas de tr\u00e1fico. La <strong>autorradio<\/strong>\u00a0<strong>KD-X230 de JVC<\/strong> tiene puerto USB\u00a0frontal para poder conectar tus dispositivos y as\u00ed reproducir tus playlists de manera f\u00e1cil y sencilla.\r\n\r\n<strong>Compatible con tu smartphone<\/strong>\r\n\r\nReproduce la m\u00fasica desde el iPod o el iPhone, adem\u00e1s de ofrecer la funci\u00f3n auto mode para dispositivos\u00a0Android*. Soporta diversos formatos como wav, mp3, wma y flac y puedes generar tus propias listas de reproducci\u00f3n.\r\n\r\n*El modo Auto Mode\u00a0para Android\u00a0requiere la App JVC Music Play\r\n<div class=\"productInfoTabContent productInfoTabSpec\">\r\n<div class=\"customTags productCustomTags\">\r\n<div class=\"prodInfoCustomTagGroupContainer prodInfoCustomTagGroupContainer0\">\r\n<div class=\"prodInfoCustomTagGroupTitleContent\">\r\n<div id=\"prodInfoCustomTagGroupTitle0\" class=\"prodInfoCustomTagGroupTitle prodInfoCustomTagGroupTitle0\"><\/div>\r\n<strong>Caracter\u00edsticas generales<\/strong><\/div>\r\n<div id=\"prodInfoCustomTagGroupContent0\" class=\"prodInfoCustomTagGroupContent\">\r\n<div class=\"customTag productCustomTag productCustomTag0\">\r\n<div class=\"customTagName productCustomTagName\">\r\n<div class=\"stick\"><\/div>\r\nPresinton\u00edas: 12<\/div>\r\n<\/div>\r\n<div class=\"customTag productCustomTag productCustomTag1\">\r\n<div class=\"customTagName productCustomTagName\">\r\n<div class=\"stick\"><\/div>\r\nSintonizador de radio: FM<\/div>\r\n<\/div>\r\n<div class=\"customTag productCustomTag productCustomTag0\">\r\n<div class=\"customTagName productCustomTagName\">\r\n<div class=\"stick\"><\/div>\r\nLector: No<\/div>\r\n<\/div>\r\n<div class=\"customTag productCustomTag productCustomTag1\">\r\n<div class=\"customTagName productCustomTagName\">\r\n<div class=\"stick\"><\/div>\r\nRadio: S\u00ed<\/div>\r\n<\/div>\r\n<\/div>\r\n<\/div>\r\n<div class=\"prodInfoCustomTagGroupContainer prodInfoCustomTagGroupContainer1\">\r\n<div class=\"prodInfoCustomTagGroupTitleContent\">\r\n<div id=\"prodInfoCustomTagGroupTitle1\" class=\"prodInfoCustomTagGroupTitle prodInfoCustomTagGroupTitle0\"><\/div>\r\n<strong>Sonido<\/strong><\/div>\r\n<div class=\"stick\"><\/div>\r\n<div id=\"prodInfoCustomTagGroupContent1\" class=\"prodInfoCustomTagGroupContent\">\r\n<div class=\"customTag productCustomTag productCustomTag0\">\r\n<div class=\"customTagName productCustomTagName\">Formatos de audio: WAV \/ MP3 \/ WMA \/ FLAC<\/div>\r\n<\/div>\r\n<\/div>\r\n<\/div>\r\n<div class=\"prodInfoCustomTagGroupContainer prodInfoCustomTagGroupContainer2\">\r\n<div class=\"prodInfoCustomTagGroupTitleContent\">\r\n<div id=\"prodInfoCustomTagGroupTitle2\" class=\"prodInfoCustomTagGroupTitle prodInfoCustomTagGroupTitle0\"><\/div>\r\n<strong>Conectividad y conexiones<\/strong><\/div>\r\n<div class=\"clear\"><\/div>\r\n<div id=\"prodInfoCustomTagGroupContent2\" class=\"prodInfoCustomTagGroupContent\">\r\n<div class=\"customTag productCustomTag productCustomTag0\">\r\n<div class=\"customTagName productCustomTagName\">\r\n<div class=\"customTagValue productCustomTagValue\">\u00a0Aux in: S\u00ed<\/div>\r\n<\/div>\r\n<\/div>\r\n<div class=\"customTag productCustomTag productCustomTag1\">\r\n<div class=\"customTagName productCustomTagName\">\r\n<div class=\"wrongStick\"><\/div>\r\nBluetooth: No<\/div>\r\n<\/div>\r\n<\/div>\r\n<\/div>\r\n<div class=\"prodInfoCustomTagGroupContainer prodInfoCustomTagGroupContainer3\">\r\n<div class=\"prodInfoCustomTagGroupTitleContent\">\r\n<div id=\"prodInfoCustomTagGroupTitle3\" class=\"prodInfoCustomTagGroupTitle prodInfoCustomTagGroupTitle0\"><\/div>\r\n<strong>Pantalla<\/strong><\/div>\r\n<div class=\"clear\"><\/div>\r\n<div id=\"prodInfoCustomTagGroupContent3\" class=\"prodInfoCustomTagGroupContent\">\r\n<div class=\"customTag productCustomTag productCustomTag0\">\r\n<div class=\"customTagName productCustomTagName\">\r\n<div class=\"customTagValue productCustomTagValue\">\u00a0Color retroiluminaci\u00f3n: Rojo<\/div>\r\n<\/div>\r\n<\/div>\r\n<div class=\"customTag productCustomTag productCustomTag1\">\r\n<div class=\"customTagName productCustomTagName\">\r\n<div class=\"stick\"><\/div>\r\nTipo de Display: LCD<\/div>\r\n<\/div>\r\n<div class=\"customTag productCustomTag productCustomTag0\">\r\n<div class=\"customTagName productCustomTagName\">\r\n<div class=\"stick\"><\/div>\r\nTipo de Pantalla: Display<\/div>\r\n<\/div>\r\n<\/div>\r\n<\/div>\r\n<div class=\"prodInfoCustomTagGroupContainer prodInfoCustomTagGroupContainer4\">\r\n<div class=\"prodInfoCustomTagGroupTitleContent\">\r\n<div id=\"prodInfoCustomTagGroupTitle4\" class=\"prodInfoCustomTagGroupTitle prodInfoCustomTagGroupTitle0\"><\/div>\r\n<strong>Funciones<\/strong><\/div>\r\n<div class=\"stick\"><\/div>\r\n<div id=\"prodInfoCustomTagGroupContent4\" class=\"prodInfoCustomTagGroupContent\">\r\n<div class=\"customTag productCustomTag productCustomTag0\">\r\n<div class=\"customTagName productCustomTagName\">Otras: Panel frontal extra\u00edble<\/div>\r\n<\/div>\r\n<div class=\"customTag productCustomTag productCustomTag1\">\r\n<div class=\"customTagName productCustomTagName\">\r\n<div class=\"stick\"><\/div>\r\nReproducci\u00f3n aleatoria: S\u00ed<\/div>\r\n<\/div>\r\n<\/div>\r\n<\/div>\r\n<div class=\"prodInfoCustomTagGroupContainer prodInfoCustomTagGroupContainer5\">\r\n<div class=\"prodInfoCustomTagGroupTitleContent\">\r\n<div id=\"prodInfoCustomTagGroupTitle5\" class=\"prodInfoCustomTagGroupTitle prodInfoCustomTagGroupTitle0\"><\/div>\r\n<strong>Caracter\u00edsticas t\u00e9cnicas<\/strong><\/div>\r\n<div class=\"clear\"><\/div>\r\n<div id=\"prodInfoCustomTagGroupContent5\" class=\"prodInfoCustomTagGroupContent\">\r\n<div class=\"customTag productCustomTag productCustomTag0\">\r\n<div class=\"customTagName productCustomTagName\">\r\n<div class=\"customTagValue productCustomTagValue\">\u00a0Dimensiones (mm): 10,8 x 18,2 x 5,3<\/div>\r\n<\/div>\r\n<\/div>\r\n<\/div>\r\n<\/div>\r\n<div class=\"prodInfoCustomTagGroupContainer prodInfoCustomTagGroupContainer6\">\r\n<div class=\"prodInfoCustomTagGroupTitleContent\">\r\n<div id=\"prodInfoCustomTagGroupTitle6\" class=\"prodInfoCustomTagGroupTitle prodInfoCustomTagGroupTitle0\"><\/div>\r\n<\/div>\r\n<div id=\"prodInfoCustomTagGroupContent6\" class=\"prodInfoCustomTagGroupContent\"><\/div>\r\n<\/div>\r\n<\/div>\r\n<\/div>","protected":false},"excerpt":{"rendered":"Autoradio &#8211; JVC KD-X230, Entrada USB \/ AUX Dale alegr\u00eda a tus viajes con una autorradio que te permita escuchar tus propias listas musicales y as\u00ed poder cantarlas mientras esperas en esas interminables colas de tr\u00e1fico. La autorradio\u00a0KD-X230 de JVC tiene puerto USB\u00a0frontal para poder conectar tus dispositivos y as\u00ed reproducir tus playlists de manera [&hellip;]","protected":false},"featured_media":3206,"comment_status":"open","ping_status":"closed","template":"","meta":[],"_links":{"self":[{"href":"https:\/\/www.ellogo.com.uy\/web\/wp-json\/wp\/v2\/product\/3205"}],"collection":[{"href":"https:\/\/www.ellogo.com.uy\/web\/wp-json\/wp\/v2\/product"}],"about":[{"href":"https:\/\/www.ellogo.com.uy\/web\/wp-json\/wp\/v2\/types\/product"}],"replies":[{"embeddable":true,"href":"https:\/\/www.ellogo.com.uy\/web\/wp-json\/wp\/v2\/comments?post=3205"}],"wp:featuredmedia":[{"embeddable":true,"href":"https:\/\/www.ellogo.com.uy\/web\/wp-json\/wp\/v2\/media\/3206"}],"wp:attachment":[{"href":"https:\/\/www.ellogo.com.uy\/web\/wp-json\/wp\/v2\/media?parent=3205"}],"curies":[{"name":"wp","href":"https:\/\/api.w.org\/{rel}","templated":true}]}}