{"id":3438,"date":"2018-08-16T17:59:00","date_gmt":"2018-08-16T20:59:00","guid":{"rendered":"http:\/\/www.ellogo.com.uy\/web\/?post_type=product&#038;p=3438"},"modified":"2018-08-16T17:59:00","modified_gmt":"2018-08-16T20:59:00","slug":"controles-para-ps-3-y-ps-4","status":"publish","type":"product","link":"https:\/\/www.ellogo.com.uy\/web\/producto\/controles-para-ps-3-y-ps-4\/","title":{"rendered":"Controles para PS 3 y PS 4"},"content":{"rendered":"Control PS3\r\n<div class=\"content-block richtext text\">\r\n\r\nCada golpe, choque y explosi\u00f3n te resultar\u00e1 m\u00e1s realista cuando sientas la vibraci\u00f3n en la misma palma de la mano.\r\n\r\nEl DUALSHOCK\u00a03 emplea la tecnolog\u00eda Bluetooth para jugar sin cables, mientras que el cable USB carga autom\u00e1ticamente el mando mientras est\u00e9 conectado al sistema PlayStation\u00a03.\r\n\r\n<\/div>\r\n<div class=\"content-block richtext moretext\">\r\n<ul>\r\n \t<li>Los botones sensibles a la presi\u00f3n reaccionan a cada acci\u00f3n y hacen que cada impacto te haga sentirte dentro del juego.<\/li>\r\n \t<li>La tecnolog\u00eda de detecci\u00f3n de movimiento SIXAXIS sigue cada uno de tus movimientos.<\/li>\r\n \t<li>Con tecnolog\u00eda Bluetooth para partidas inal\u00e1mbricas; PlayStation\u00a03 admite hasta siete mandos inal\u00e1mbricos conectados al mismo tiempo.<\/li>\r\n<\/ul>\r\nControl PS4\r\n\r\nCaracter\u00edsticas del DUALSHOCK 4, y la manera en la cual los desarrolladores tienen la libertad de crear experiencias nuevas que antes solo pod\u00edan imaginar.\r\n<h3>Dise\u00f1o<\/h3>\r\nEl DUALSHOCK 4, adopta la forma familiar del DUALSHOCK 3, con mejoras muy importantes:\r\n<ul>\r\n \t<li>Los controles de movimiento se activan con un sensor six-axis nuevo y m\u00e1s sensible.<\/li>\r\n \t<li>Los sticks an\u00e1logos han sido mejorados para mejor precisi\u00f3n y con nuevos materiales y forma para una mejor manipulaci\u00f3n.<\/li>\r\n \t<li>Los botones L2 y R2 tienen un dise\u00f1o de curva para un acceso m\u00e1s f\u00e1cil y una interaci\u00f3n m\u00e1s natural.<\/li>\r\n \t<li>Un nuevo bot\u00f3n de opciones combina las funciones del Select y Start del DUALSHOCK3.<\/li>\r\n<\/ul>\r\n<h3>Nuevas maneras de jugar, compartir y conectarse.<\/h3>\r\nAdem\u00e1s de las caracter\u00edsticas que ya mencionamos, el DUALSHOCK 4 ofrece algo m\u00e1s que es parte de la experiencia del PlayStation 4, una de las innovaciones m\u00e1s grandes es la social, que rodear\u00e1 a todos los juegos del PS4.\r\n\r\nEl DUALSHOCK 4, tiene un touchpad en la parte frontal, ofreciendo nuevas maneras de interactuar con los juegos, adem\u00e1s hay una bocina y entrada para aud\u00edfonos para entregarte sonidos de alta fidelidad, se incluir\u00e1 un headset con el PlayStation 4 que les permitir\u00e1 chatear con sus amigos y escuchar sonidos desde el control.\r\n\r\nHay mucho inclu\u00eddo en el DUALSHOCK 4, y todo fue dise\u00f1ado pensando en la comunidad de desarrolladores, tanto nuestros estudios internos y third parties. Nuestra meta fue darle a los creadores de los juegos un lienzo para expresar sus ideas, y el DUALSHOCK 4 combinado con el PlayStation 4 ofrecer\u00e1 el futuro que vemos aqu\u00ed en PlayStation.\r\n\r\n<\/div>","protected":false},"excerpt":{"rendered":"Los mejores controles originales para PlayStation 3 (DUALSHOCK\u00a03) o PlayStation 4 (DUALSHOCK 4).\r\n\r\n&nbsp;","protected":false},"featured_media":3440,"comment_status":"open","ping_status":"closed","template":"","meta":[],"_links":{"self":[{"href":"https:\/\/www.ellogo.com.uy\/web\/wp-json\/wp\/v2\/product\/3438"}],"collection":[{"href":"https:\/\/www.ellogo.com.uy\/web\/wp-json\/wp\/v2\/product"}],"about":[{"href":"https:\/\/www.ellogo.com.uy\/web\/wp-json\/wp\/v2\/types\/product"}],"replies":[{"embeddable":true,"href":"https:\/\/www.ellogo.com.uy\/web\/wp-json\/wp\/v2\/comments?post=3438"}],"wp:featuredmedia":[{"embeddable":true,"href":"https:\/\/www.ellogo.com.uy\/web\/wp-json\/wp\/v2\/media\/3440"}],"wp:attachment":[{"href":"https:\/\/www.ellogo.com.uy\/web\/wp-json\/wp\/v2\/media?parent=3438"}],"curies":[{"name":"wp","href":"https:\/\/api.w.org\/{rel}","templated":true}]}}