{"id":3953,"date":"2021-03-24T14:26:50","date_gmt":"2021-03-24T17:26:50","guid":{"rendered":"http:\/\/www.ellogo.com.uy\/web\/?post_type=product&#038;p=3953"},"modified":"2021-03-24T14:26:50","modified_gmt":"2021-03-24T17:26:50","slug":"notebook-asus-e410ma-202","status":"publish","type":"product","link":"https:\/\/www.ellogo.com.uy\/web\/producto\/notebook-asus-e410ma-202\/","title":{"rendered":"Notebook Asus E410MA-202"},"content":{"rendered":"<strong>ASUS &#8211; NOTEBOOK<\/strong><strong>\r\nLAPTOP\r\nE410MA-202<\/strong>\r\n\r\n\r\n\r\nPantalla: 14&#8243;, 1920 x 1080 p\u00edxeles.\r\nProcesador: INTEL CELERON N4020, DUAL CORE 1,1 GHz &#8211; 2,8 GHz.\r\nGr\u00e1ficos Integrados: INTEL UHD 600.\r\nSistema Operativo: WINDOWS 10 S.\r\nMemoria RAM: 4 GB DDR4.\r\nDisco S\u00f3lido: 128 GB.\r\nLector de Tarjetas: SD \/ SDHC \/ SDXC.\r\nC\u00e1mara Web.\r\nConectividad: WIFI 802,11 ac.\r\nPuertos: HDMI x 1, USB 3.2 C GEN1 x 1, USB 3.2 A GEN1 x 1, USB 2.0 A x 1, AURICULARES\u00a0 \/ MICR\u00d3FONO (COMBO) x 1.\r\nTeclado: Ingl\u00e9s. NUM\u00c9RICO EN PANEL T\u00c1CTIL.\r\nPeso: 1,3 kg APROX.\r\nDimensiones: 325 x 217 x 18 mm APROX.\r\nBater\u00eda: 3 CELDAS.\r\nColor: PEACOCK BLUE.\r\n\r\nGarant\u00eda: 1 a\u00f1o.\r\nContra Defecto de Fabricaci\u00f3n.","protected":false},"excerpt":{"rendered":"La vida se trata de encontrar el equilibrio adecuado, y ASUS E410 ofrece exactamente eso. Ligero y compacto, luce una nueva apariencia elegante que encaja perfectamente con su estilo de vida din\u00e1mico. Dise\u00f1ado para las tareas diarias de computaci\u00f3n y productividad, y con caracter\u00edsticas innovadoras como ASUS NumberPad, ASUS E410 le brinda todo lo que necesita para trabajar o jugar.\r\n\r\n&nbsp;\r\n\r\nConsulte disponibilidad de stock.","protected":false},"featured_media":3956,"comment_status":"open","ping_status":"closed","template":"","meta":[],"_links":{"self":[{"href":"https:\/\/www.ellogo.com.uy\/web\/wp-json\/wp\/v2\/product\/3953"}],"collection":[{"href":"https:\/\/www.ellogo.com.uy\/web\/wp-json\/wp\/v2\/product"}],"about":[{"href":"https:\/\/www.ellogo.com.uy\/web\/wp-json\/wp\/v2\/types\/product"}],"replies":[{"embeddable":true,"href":"https:\/\/www.ellogo.com.uy\/web\/wp-json\/wp\/v2\/comments?post=3953"}],"wp:featuredmedia":[{"embeddable":true,"href":"https:\/\/www.ellogo.com.uy\/web\/wp-json\/wp\/v2\/media\/3956"}],"wp:attachment":[{"href":"https:\/\/www.ellogo.com.uy\/web\/wp-json\/wp\/v2\/media?parent=3953"}],"curies":[{"name":"wp","href":"https:\/\/api.w.org\/{rel}","templated":true}]}}