{"id":3980,"date":"2021-05-20T14:45:15","date_gmt":"2021-05-20T17:45:15","guid":{"rendered":"http:\/\/www.ellogo.com.uy\/web\/?post_type=product&#038;p=3980"},"modified":"2021-05-20T14:45:16","modified_gmt":"2021-05-20T17:45:16","slug":"camara-wifi-de-seguridad-tp-link","status":"publish","type":"product","link":"https:\/\/www.ellogo.com.uy\/web\/producto\/camara-wifi-de-seguridad-tp-link\/","title":{"rendered":"C\u00e1mara  WiFi de Seguridad Tp-link"},"content":{"rendered":"<table>\r\n<thead>\r\n<tr id=\"tr_1524\">\r\n<th colspan=\"2\"><a>RED<\/a><\/th>\r\n<\/tr>\r\n<\/thead>\r\n<tbody>\r\n<tr id=\"tr_1547\">\r\n<th width=\"35%\">Seguridad<\/th>\r\n<td width=\"65%\">128 Bit AES Encryption with SSL\/TLS<\/td>\r\n<\/tr>\r\n<tr id=\"tr_5813\">\r\n<th width=\"35%\">Wireless Rate<\/th>\r\n<td width=\"65%\">11 Mbps (802.11 b)\r\n54 Mbps (802.11 g)\r\n150 Mbps (802.11 n)<\/td>\r\n<\/tr>\r\n<tr id=\"tr_5814\">\r\n<th width=\"35%\">Frequency<\/th>\r\n<td width=\"65%\">2.4 GHz<\/td>\r\n<\/tr>\r\n<tr id=\"tr_5815\">\r\n<th width=\"35%\">Wireless Security<\/th>\r\n<td width=\"65%\">WPA, WPA2-PSK<\/td>\r\n<\/tr>\r\n<\/tbody>\r\n<\/table>\r\n<table>\r\n<thead>\r\n<tr id=\"tr_5816\">\r\n<th colspan=\"2\"><a>ACTIVITY NOTIFICATIONS<\/a><\/th>\r\n<\/tr>\r\n<\/thead>\r\n<tbody>\r\n<tr id=\"tr_5817\">\r\n<th width=\"35%\">Input Trigger<\/th>\r\n<td width=\"65%\">Detecci\u00f3n de Movimiento<\/td>\r\n<\/tr>\r\n<tr id=\"tr_5818\">\r\n<th width=\"35%\">Output Notification<\/th>\r\n<td width=\"65%\">Env\u00edo de Notificaciones<\/td>\r\n<\/tr>\r\n<\/tbody>\r\n<\/table>\r\n<table>\r\n<thead>\r\n<tr id=\"tr_5808\">\r\n<th colspan=\"2\"><a>VIDEO<\/a><\/th>\r\n<\/tr>\r\n<\/thead>\r\n<tbody>\r\n<tr id=\"tr_5809\">\r\n<th width=\"35%\">Video Compression<\/th>\r\n<td width=\"65%\">H.264<\/td>\r\n<\/tr>\r\n<tr id=\"tr_5811\">\r\n<th width=\"35%\">Video Streaming<\/th>\r\n<td width=\"65%\">1080p<\/td>\r\n<\/tr>\r\n<\/tbody>\r\n<\/table>\r\n<table>\r\n<thead>\r\n<tr id=\"tr_5819\">\r\n<th colspan=\"2\"><a>SYSTEM<\/a><\/th>\r\n<\/tr>\r\n<\/thead>\r\n<tbody>\r\n<tr id=\"tr_5820\">\r\n<th width=\"35%\">Regulatory Certification<\/th>\r\n<td width=\"65%\">FCC, IC, CE, NCC<\/td>\r\n<\/tr>\r\n<tr id=\"tr_5821\">\r\n<th width=\"35%\">System Requirements<\/th>\r\n<td width=\"65%\">iOS 9+, Android 4.4+<\/td>\r\n<\/tr>\r\n<\/tbody>\r\n<\/table>\r\n<table>\r\n<thead>\r\n<tr id=\"tr_5823\">\r\n<th colspan=\"2\"><a>ENVIRONMENT<\/a><\/th>\r\n<\/tr>\r\n<\/thead>\r\n<tbody>\r\n<tr id=\"tr_5824\">\r\n<th width=\"35%\">Operating Temperature<\/th>\r\n<td width=\"65%\">0-40 \u00b0C (32-104 \u00b0F)<\/td>\r\n<\/tr>\r\n<tr id=\"tr_5825\">\r\n<th width=\"35%\">Storage Temperature<\/th>\r\n<td width=\"65%\">-40-70 \u00b0C (-40-158 \u00b0F)<\/td>\r\n<\/tr>\r\n<tr id=\"tr_5826\">\r\n<th width=\"35%\">Operating Humidity<\/th>\r\n<td width=\"65%\">10-90% RH Sin Condensaci\u00f3n<\/td>\r\n<\/tr>\r\n<tr id=\"tr_5827\">\r\n<th width=\"35%\">Storage Humidity<\/th>\r\n<td width=\"65%\">5-90% RH Sin Condensaci\u00f3n<\/td>\r\n<\/tr>\r\n<\/tbody>\r\n<\/table>\r\n<table>\r\n<thead>\r\n<tr id=\"tr_5828\">\r\n<th colspan=\"2\"><a>PACKAGE CONTENTS<\/a><\/th>\r\n<\/tr>\r\n<\/thead>\r\n<tbody>\r\n<tr id=\"tr_5829\">\r\n<th width=\"35%\">Package Contents<\/th>\r\n<td width=\"65%\">C\u00e1mara Tapo C100\r\nAdaptador de Corriente\r\nGu\u00eda de Inicio R\u00e1pido\r\nTornillos de Montaje\r\nPlantilla de montaje<\/td>\r\n<\/tr>\r\n<\/tbody>\r\n<\/table>\r\n<table>\r\n<thead>\r\n<tr id=\"tr_5793\">\r\n<th colspan=\"2\"><a>HARDWARE<\/a><\/th>\r\n<\/tr>\r\n<\/thead>\r\n<tbody>\r\n<tr id=\"tr_5794\">\r\n<th width=\"35%\">Button<\/th>\r\n<td width=\"65%\">Bot\u00f3n Reset<\/td>\r\n<\/tr>\r\n<tr id=\"tr_5795\">\r\n<th width=\"35%\">Indicator LED<\/th>\r\n<td width=\"65%\">Sistema LED<\/td>\r\n<\/tr>\r\n<tr id=\"tr_5796\">\r\n<th width=\"35%\">Adapter Input<\/th>\r\n<td width=\"65%\">100-240V, AC, 50\/60 Hz, 0.3 A<\/td>\r\n<\/tr>\r\n<tr id=\"tr_5797\">\r\n<th width=\"35%\">Adapter Output<\/th>\r\n<td width=\"65%\">9.0 V \/ 0.6 A<\/td>\r\n<\/tr>\r\n<tr id=\"tr_5868\">\r\n<th width=\"35%\">Dimensions (W x D x H)<\/th>\r\n<td width=\"65%\">67.6 x 54.8 x 98.9 mm (2.7 x 2.1 x 3.9 in)<\/td>\r\n<\/tr>\r\n<\/tbody>\r\n<\/table>\r\n<table>\r\n<thead>\r\n<tr id=\"tr_1384\">\r\n<th colspan=\"2\"><a>C\u00c1MARA<\/a><\/th>\r\n<\/tr>\r\n<\/thead>\r\n<tbody>\r\n<tr id=\"tr_1385\">\r\n<th width=\"35%\">Sensor de Imagen<\/th>\r\n<td width=\"65%\">1\/3.2\u201c<\/td>\r\n<\/tr>\r\n<tr id=\"tr_1567\">\r\n<th width=\"35%\">Resoluci\u00f3n<\/th>\r\n<td width=\"65%\">1080p Full HD<\/td>\r\n<\/tr>\r\n<tr id=\"tr_1517\">\r\n<th width=\"35%\">Lentes<\/th>\r\n<td width=\"65%\">F\/NO: 2.0, Longitud Focal: 3.3 mm<\/td>\r\n<\/tr>\r\n<tr id=\"tr_5802\">\r\n<th width=\"35%\">Night Vision<\/th>\r\n<td width=\"65%\">850 nm IR LED (up to 30 ft)<\/td>\r\n<\/tr>\r\n<\/tbody>\r\n<\/table>\r\n<table>\r\n<thead>\r\n<tr id=\"tr_1522\">\r\n<th colspan=\"2\"><a>AUDIO<\/a><\/th>\r\n<\/tr>\r\n<\/thead>\r\n<tbody>\r\n<tr id=\"tr_1532\">\r\n<th width=\"35%\">Comunicaci\u00f3n de Audio<\/th>\r\n<td width=\"65%\">Audio Doble Sentido<\/td>\r\n<\/tr>\r\n<tr id=\"tr_5805\">\r\n<th width=\"35%\">Audio Input &amp; Output:<\/th>\r\n<td width=\"65%\">Micr\u00f3fono y Altavoz<\/td>\r\n<\/tr>\r\n<\/tbody>\r\n<\/table>","protected":false},"excerpt":{"rendered":"<div class=\"box title\">\r\n<div>\r\n<h2 class=\"product-name\">Tapo C100<\/h2>\r\n<\/div>\r\n<h1>C\u00e1mara Wi-Fi de Seguridad para Casa<\/h1>\r\n<\/div>\r\n<div class=\"box highlights\">\r\n<ul>\r\n \t<li>V\u00eddeo de Alta Definici\u00f3n: Captura todos los detalles con una definici\u00f3n de 1080p.<\/li>\r\n \t<li>Visualizaci\u00f3n Nocturna Avanzada: \u00a0Incluso de noche, \u00e9sta c\u00e1mara proporciona una distancia visual de hasta 9 metros.<\/li>\r\n \t<li>Notificaciones y Detecci\u00f3n de Movimiento: Recibe\u00a0una notificaci\u00f3n si algo sospechoso es detectado.<\/li>\r\n \t<li>Alarma de Luz y Sonido: Active efectos de luz y sonido, ahuyentando a cualquier visita no deseada.<\/li>\r\n \t<li>Audio de Doble V\u00eda: Comun\u00edcate con los dem\u00e1s gracias al micr\u00f3fono y altavoz incorporados.<\/li>\r\n \t<li>Almacenamiento Seguro: Soporta tarjeta MicroSD Card (hasta 128 GB).<\/li>\r\n \t<li>Gesti\u00f3n y Configuraci\u00f3n Sencilla &#8211; Gestiona todo con la app Tapo.<\/li>\r\n<\/ul>\r\nConsulte disponibilidad de stock.\r\n\r\n<\/div>","protected":false},"featured_media":3981,"comment_status":"open","ping_status":"closed","template":"","meta":[],"_links":{"self":[{"href":"https:\/\/www.ellogo.com.uy\/web\/wp-json\/wp\/v2\/product\/3980"}],"collection":[{"href":"https:\/\/www.ellogo.com.uy\/web\/wp-json\/wp\/v2\/product"}],"about":[{"href":"https:\/\/www.ellogo.com.uy\/web\/wp-json\/wp\/v2\/types\/product"}],"replies":[{"embeddable":true,"href":"https:\/\/www.ellogo.com.uy\/web\/wp-json\/wp\/v2\/comments?post=3980"}],"wp:featuredmedia":[{"embeddable":true,"href":"https:\/\/www.ellogo.com.uy\/web\/wp-json\/wp\/v2\/media\/3981"}],"wp:attachment":[{"href":"https:\/\/www.ellogo.com.uy\/web\/wp-json\/wp\/v2\/media?parent=3980"}],"curies":[{"name":"wp","href":"https:\/\/api.w.org\/{rel}","templated":true}]}}