{"id":3997,"date":"2021-05-24T15:50:15","date_gmt":"2021-05-24T18:50:15","guid":{"rendered":"http:\/\/www.ellogo.com.uy\/web\/?post_type=product&#038;p=3997"},"modified":"2021-05-24T15:50:15","modified_gmt":"2021-05-24T18:50:15","slug":"cepillo-secador-rotativo","status":"publish","type":"product","link":"https:\/\/www.ellogo.com.uy\/web\/producto\/cepillo-secador-rotativo\/","title":{"rendered":"Cepillo secador rotativo"},"content":{"rendered":"Descripci\u00f3n:\r\n\r\nPotencia 1000W\r\n4 en 1: Seca, peina, modela y alisa\r\nCerdas Dobles\r\nRevestimiento cer\u00e1mico\r\nModo aire fr\u00edo\r\nRotaci\u00f3n 360\u00b0","protected":false},"excerpt":{"rendered":"El cepillo de peinado de la l\u00ednea Multilaser Beauty es ideal para que te peines en casa sin tener que ir al sal\u00f3n. Adem\u00e1s de secar el cabello, tambi\u00e9n le da forma al cabello, lo que le permite adoptar muchas variedades de estilos, como rizos y ondulados.\r\nHaz peinados incre\u00edbles y rockea las producciones sin gastar dinero cada semana.\r\n\r\n&nbsp;\r\n\r\nConsulte disponibilidad de stock.","protected":false},"featured_media":3999,"comment_status":"open","ping_status":"closed","template":"","meta":[],"_links":{"self":[{"href":"https:\/\/www.ellogo.com.uy\/web\/wp-json\/wp\/v2\/product\/3997"}],"collection":[{"href":"https:\/\/www.ellogo.com.uy\/web\/wp-json\/wp\/v2\/product"}],"about":[{"href":"https:\/\/www.ellogo.com.uy\/web\/wp-json\/wp\/v2\/types\/product"}],"replies":[{"embeddable":true,"href":"https:\/\/www.ellogo.com.uy\/web\/wp-json\/wp\/v2\/comments?post=3997"}],"wp:featuredmedia":[{"embeddable":true,"href":"https:\/\/www.ellogo.com.uy\/web\/wp-json\/wp\/v2\/media\/3999"}],"wp:attachment":[{"href":"https:\/\/www.ellogo.com.uy\/web\/wp-json\/wp\/v2\/media?parent=3997"}],"curies":[{"name":"wp","href":"https:\/\/api.w.org\/{rel}","templated":true}]}}