{"id":4032,"date":"2022-08-03T18:27:37","date_gmt":"2022-08-03T21:27:37","guid":{"rendered":"http:\/\/www.ellogo.com.uy\/web\/?post_type=product&#038;p=4032"},"modified":"2022-08-03T18:27:37","modified_gmt":"2022-08-03T21:27:37","slug":"reloj-amazfit-gtr-2e","status":"publish","type":"product","link":"https:\/\/www.ellogo.com.uy\/web\/producto\/reloj-amazfit-gtr-2e\/","title":{"rendered":"Reloj Amazfit GTR 2E"},"content":{"rendered":"<div class=\"sc\">\r\n<div class=\"c1\">Color<\/div>\r\n<div class=\"c2\">Negro obsidiana<\/div>\r\n<div class=\"c2\"><\/div>\r\n<\/div>\r\n<div class=\"sc\">\r\n<div class=\"c1\">Dise\u00f1o<\/div>\r\n<div><\/div>\r\n<div class=\"c2\">Dise\u00f1o de superficie curva 3D sin bisel<\/div>\r\n<div class=\"c2\"><\/div>\r\n<\/div>\r\n<div class=\"sc\">\r\n<div class=\"c1\">Tama\u00f1o<\/div>\r\n<div class=\"c2\">46,4 x 46,4 x 10,7 mm<\/div>\r\n<div><\/div>\r\n<div class=\"c2\">Peso<\/div>\r\n<\/div>\r\n<div class=\"sc\">\r\n<div class=\"c2\">Edici\u00f3n deportiva: 31,5 g (sin correa)\r\n\r\n<\/div>\r\n<div class=\"c2\"><\/div>\r\n<\/div>\r\n<div class=\"sc\">\r\n<div class=\"c1\">Cuerpo<\/div>\r\n<div class=\"c2\">Edici\u00f3n deportiva: aleaci\u00f3n de aluminio\r\n\r\n<\/div>\r\n<div class=\"c2\">Aleaci\u00f3n de aluminio<\/div>\r\n<\/div>\r\n<div class=\"sc\">\r\n<div class=\"c1\">Botones<\/div>\r\n<div class=\"c2\">2<\/div>\r\n<div class=\"c2\"><\/div>\r\n<\/div>\r\n<div class=\"sc\">\r\n<div class=\"c1\">Grado de impermeabilidad<\/div>\r\n<div class=\"c2\">5 ATM (50 metros)<\/div>\r\n<div class=\"c2\"><\/div>\r\n<\/div>\r\n<div class=\"sc\">\r\n<div class=\"c1\">Tama\u00f1o de la pantalla<\/div>\r\n<div class=\"c2\">1,39 inches<\/div>\r\n<div class=\"c2\"><\/div>\r\n<\/div>\r\n<div class=\"sc\">\r\n<div class=\"c1\">Material de la pantalla<\/div>\r\n<div class=\"c2\">AMOLED<\/div>\r\n<div><\/div>\r\n<div class=\"c2\">Pantalla t\u00e1ctil<\/div>\r\n<\/div>\r\n<div class=\"sc\">\r\n<div class=\"c2\">Cristal templado\r\nRevestimiento antihuellas\r\n\r\n<\/div>\r\n<div class=\"c2\">Resoluci\u00f3n<\/div>\r\n<\/div>\r\n<div class=\"sc\">\r\n<div class=\"c2\">454 x 454<\/div>\r\n<div class=\"c2\"><\/div>\r\n<\/div>\r\n<div class=\"sc\">\r\n<div class=\"c1\">PPP<\/div>\r\n<div class=\"c2\">326<\/div>\r\n<div class=\"c2\"><\/div>\r\n<\/div>\r\n<div class=\"sc\">\r\n<div class=\"c1\">Capacidad de la bater\u00eda<\/div>\r\n<div class=\"c2\">471\u00a0mAh (valor t\u00edpico)<\/div>\r\n<div class=\"c2\"><\/div>\r\n<\/div>\r\n<div class=\"sc\">\r\n<div class=\"c1\">M\u00e9todo de carga<\/div>\r\n<div class=\"c2\">Base de carga magn\u00e9tica<\/div>\r\n<div class=\"c2\"><\/div>\r\n<\/div>\r\n<div class=\"sc\">\r\n<div class=\"c1\">Tiempo de carga<\/div>\r\n<div class=\"c2\">2,5\u00a0horas aproximadamente<\/div>\r\n<div><\/div>\r\n<div class=\"c2\">Duraci\u00f3n de la bater\u00eda con un uso t\u00edpico<\/div>\r\n<\/div>\r\n<div class=\"sc\">\r\n<div class=\"c2\">14 d\u00edas<\/div>\r\n<div class=\"c2\"><\/div>\r\n<\/div>\r\n<div class=\"sc\">\r\n<div class=\"c1\">Duraci\u00f3n de la bater\u00eda con un uso b\u00e1sico<\/div>\r\n<div class=\"c2\">38 d\u00edas<\/div>\r\n<div class=\"c2\"><\/div>\r\n<\/div>\r\n<div class=\"sc\">\r\n<div class=\"c1\">Duraci\u00f3n de la bater\u00eda con un uso intensivo<\/div>\r\n<div class=\"c2\">6,5 d\u00edas<\/div>\r\n<div class=\"c2\"><\/div>\r\n<\/div>\r\n<div class=\"sc\">\r\n<div class=\"c1\">Sensor de salud<\/div>\r\n<div class=\"c2\">Sensor de datos biol\u00f3gicos BioTracker&#x2122; 2 PPG (admite medici\u00f3n de ox\u00edgeno en sangre)<\/div>\r\n<div class=\"c2\">Sensor de movimiento<\/div>\r\n<\/div>\r\n<div class=\"sc\">\r\n<div class=\"c2\">Sensor de aceleraci\u00f3n, sensor girosc\u00f3pico\r\nSensor geomagn\u00e9tico de 3 ejes\r\nSensor de luz ambiental\r\nSensor de presi\u00f3n del aire<\/div>\r\n<div class=\"c2\"><\/div>\r\n<\/div>\r\n<div class=\"sc\">\r\n<div class=\"c1\">Conexi\u00f3n<\/div>\r\n<div class=\"c2\">WLAN 2,4\u00a0GHz<sup>16<\/sup>, Bluetooth 5.0<\/div>\r\n<div class=\"c2\">Bluetooth 5.0\/BLE<\/div>\r\n<\/div>\r\n<div class=\"sc\">\r\n<div class=\"c1\">Posicionamiento<\/div>\r\n<div class=\"c2\">GPS + GLONASS<\/div>\r\n<div class=\"c2\">Material de la correa<\/div>\r\n<\/div>\r\n<div class=\"sc\">\r\n<div class=\"c2\">Silicona o cuero<\/div>\r\n<div class=\"c2\">Ancho de la correa<\/div>\r\n<\/div>\r\n<div class=\"sc\">\r\n<div class=\"c2\">22mm<\/div>\r\n<div class=\"c2\"><\/div>\r\n<\/div>\r\n<div class=\"sc\">\r\n<div class=\"c1\">Hebilla de la correa<\/div>\r\n<div class=\"c2\">Hebilla ardill\u00f3n cl\u00e1sica<\/div>\r\n<div class=\"c2\"><\/div>\r\n<\/div>\r\n<div class=\"sc\">\r\n<div class=\"c1\">Micr\u00f3fono<\/div>\r\n<div class=\"c2\">Compatible<\/div>\r\n<div class=\"c2\"><\/div>\r\n<\/div>\r\n<div class=\"sc\">\r\n<div class=\"c1\">Altavoz<\/div>\r\n<div class=\"c2\">Compatible<\/div>\r\n<div class=\"c2\">\/<\/div>\r\n<\/div>\r\n<div class=\"sc\">\r\n<div class=\"c1\">Motor lineal<\/div>\r\n<div class=\"c2\">Compatible<\/div>\r\n<div class=\"c2\"><\/div>\r\n<\/div>\r\n<div class=\"sc\">\r\n<div class=\"c1\">Sensor de temperatura<\/div>\r\n<div class=\"c2\">\/<\/div>\r\n<div class=\"c2\">Compatible<\/div>\r\n<\/div>\r\n<div class=\"sc\">\r\n<div class=\"c1\">Contenido del paquete<\/div>\r\n<div class=\"c2\">Cuerpo del reloj (correa est\u00e1ndar incluida)\r\nBase de carga\r\nManual de instrucciones<\/div>\r\n<div class=\"c2\"><\/div>\r\n<\/div>\r\n<div class=\"sc\">\r\n<div class=\"c1\">Dispositivos compatibles<\/div>\r\n<div class=\"c2\">Android 5.0 o iOS 10.0 y versiones posteriores<\/div>\r\n<div class=\"c2\"><\/div>\r\n<\/div>\r\n<div class=\"sc\">\r\n<div class=\"c1\">Aplicaci\u00f3n<\/div>\r\n<div class=\"c2\">Aplicaci\u00f3n Zepp<\/div>\r\n<div class=\"c2\"><\/div>\r\n<\/div>","protected":false},"excerpt":{"rendered":"<div id=\"m-1619340644955\" class=\"module-wrap\" data-label=\"(P) Title\" data-icon=\"gpicon-product-title\" data-ver=\"1\" data-id=\"1619340644955\" data-status=\"dynamic\">\r\n<div class=\"module gf_module-left gf_module-left-lg gf_module--md gf_module--sm gf_module--xs \" data-pid=\"6303956500631\">\r\n<h5>Amazfit GTR 2E<\/h5>\r\n<h5 class=\"product-single__title\">Un reloj equilibrado y que luce muy bien en la mu\u00f1eca.<\/h5>\r\nCaja redonda de aluminio, botones de ese mismo metal en el costado derecho del reloj con un detalle rojo en el superior, esfera de gran tama\u00f1o con un marco generoso alrededor de la pantalla y un panel que centra la atenci\u00f3n nada m\u00e1s el reloj se enciende. Ese primer contacto con el Amazfit GTR 2e marca el inicio de la experiencia. En cuesti\u00f3n de dise\u00f1o su aspecto es de gran elegancia a pesar de que no esconde su alma deportiva. Combina muy bien con casi cualquier estilo de vestir, incluso con aquellos menos\u00a0<em>casual<\/em>. De apariencia es unisex, va destinado preferiblemente al p\u00fablico masculino al ser un smartwatch de buen tama\u00f1o. En mu\u00f1ecas finas el Amazfit GTR 2e se ve exagerado; sin que abulte en exceso: no es un reloj especialmente grueso.\r\n\r\n<\/div>\r\n<\/div>\r\n<div id=\"e-1619340645035\" class=\"element-wrap\" data-label=\"Text Block\" data-key=\"text-block\" data-icon=\"gpicon-textblock\" data-ver=\"1\" data-id=\"1619340645035\">\r\n\r\nConsulte disponibilidad\r\n\r\n<\/div>","protected":false},"featured_media":4036,"comment_status":"open","ping_status":"closed","template":"","meta":[],"_links":{"self":[{"href":"https:\/\/www.ellogo.com.uy\/web\/wp-json\/wp\/v2\/product\/4032"}],"collection":[{"href":"https:\/\/www.ellogo.com.uy\/web\/wp-json\/wp\/v2\/product"}],"about":[{"href":"https:\/\/www.ellogo.com.uy\/web\/wp-json\/wp\/v2\/types\/product"}],"replies":[{"embeddable":true,"href":"https:\/\/www.ellogo.com.uy\/web\/wp-json\/wp\/v2\/comments?post=4032"}],"wp:featuredmedia":[{"embeddable":true,"href":"https:\/\/www.ellogo.com.uy\/web\/wp-json\/wp\/v2\/media\/4036"}],"wp:attachment":[{"href":"https:\/\/www.ellogo.com.uy\/web\/wp-json\/wp\/v2\/media?parent=4032"}],"curies":[{"name":"wp","href":"https:\/\/api.w.org\/{rel}","templated":true}]}}