{"id":4281,"date":"2024-01-25T17:12:34","date_gmt":"2024-01-25T20:12:34","guid":{"rendered":"https:\/\/www.ellogo.com.uy\/web\/?post_type=product&#038;p=4281"},"modified":"2024-01-25T17:13:48","modified_gmt":"2024-01-25T20:13:48","slug":"samsung-galaxy-a25-5g","status":"publish","type":"product","link":"https:\/\/www.ellogo.com.uy\/web\/producto\/samsung-galaxy-a25-5g\/","title":{"rendered":"Samsung Galaxy A25 5G"},"content":{"rendered":"<strong>Samsung A25 8\/256GB 5G<\/strong>\r\n\u2013 Libre para todas las compa\u00f1\u00edas\r\n\u2013 Dual SIM | Nano-SIM\r\n\u2013 Redes: GSM\/HSPA\/LTE\/5G\r\n\u2013 Pantalla: S\u00faper AMOLED | 6,5 pulgadas | Resoluci\u00f3n 1080 x 2340 p\u00edxeles\r\n\u2013 Sistema operativo: Android 14, una interfaz de usuario 6\r\n\u2013 Procesador: Exynos 1280 (5 nm)\r\n\u2013 Memoria RAM: 8 GB\r\n\u2013 Memoria ROM: 256 GB\r\n\u2013 C\u00e1mara principal: 50 MP, f\/1.8, 8 MP, f\/2.2, 2 MP , f\/2.4\r\n\u2013 C\u00e1mara frontal: 13 MP f\/2.2\r\n\u2013 Conectividad: Wi-Fi 802.11 a\/b\/g\/n\/ac, Bluetooth 5.3\r\n\u2013 Sensores: Huella digital (montaje lateral), aceler\u00f3metro, giroscopio, br\u00fajula\r\n\u2013 GPS: S\u00ed, A-GPS, GLONASS, BDS, GALILEO\r\n\u2013 NFC\r\n\u2013 USB: SB tipo C 2.0\r\n\u2013 Bater\u00eda: 5000 mAh | 25W cableado\r\n\u2013 Medidas: 16.1 x 7.65 x 0.83 cm | Peso: 197 gr","protected":false},"excerpt":{"rendered":"El\u00a0<strong>Samsung Galaxy A25 5G<\/strong> se renueva con una pantalla Super AMOLED de 6.5 pulgadas a resoluci\u00f3n FHD+ y tasa de refresco de 120Hz y un procesador Exynos 1280 con 8GB de RAM y 256GB de almacenamiento interno. La c\u00e1mara posterior est\u00e1 liderada por un sensor de 50MP con OIS, tiene una bater\u00eda de 5000 mAh con soporte para carga r\u00e1pida, tiene lector de huellas lateral, parlantes stereo y corre Android 14.","protected":false},"featured_media":4282,"comment_status":"open","ping_status":"closed","template":"","meta":[],"_links":{"self":[{"href":"https:\/\/www.ellogo.com.uy\/web\/wp-json\/wp\/v2\/product\/4281"}],"collection":[{"href":"https:\/\/www.ellogo.com.uy\/web\/wp-json\/wp\/v2\/product"}],"about":[{"href":"https:\/\/www.ellogo.com.uy\/web\/wp-json\/wp\/v2\/types\/product"}],"replies":[{"embeddable":true,"href":"https:\/\/www.ellogo.com.uy\/web\/wp-json\/wp\/v2\/comments?post=4281"}],"wp:featuredmedia":[{"embeddable":true,"href":"https:\/\/www.ellogo.com.uy\/web\/wp-json\/wp\/v2\/media\/4282"}],"wp:attachment":[{"href":"https:\/\/www.ellogo.com.uy\/web\/wp-json\/wp\/v2\/media?parent=4281"}],"curies":[{"name":"wp","href":"https:\/\/api.w.org\/{rel}","templated":true}]}}