{"id":4333,"date":"2025-06-04T15:27:44","date_gmt":"2025-06-04T18:27:44","guid":{"rendered":"https:\/\/www.ellogo.com.uy\/web\/?post_type=product&#038;p=4333"},"modified":"2025-06-05T16:02:15","modified_gmt":"2025-06-05T19:02:15","slug":"blu-joy-4g","status":"publish","type":"product","link":"https:\/\/www.ellogo.com.uy\/web\/producto\/blu-joy-4g\/","title":{"rendered":"BLU JOY 4G"},"content":{"rendered":"<div class=\"estiloCaracteristica\">\r\n<h3>Bandas<\/h3>\r\n<p class=\"estiloTextoDescr\">Bandas 3G: 850\/900\/1900\/2100<\/p>\r\n<p class=\"estiloTextoDescr\">Bandas 4G: 850\/1700\/1800\/1900\/2100\/2600<\/p>\r\n<p class=\"estiloTextoDescr\">Bandas 5G:<\/p>\r\n\r\n<\/div>\r\n<div class=\"estiloCaracteristica\">\r\n<h3>Display<\/h3>\r\n<p class=\"estiloTextoDescr\">Pantalla t\u00e1ctil: No<\/p>\r\n<p class=\"estiloTextoDescr\">Resoluci\u00f3n: 160 x 320 p\u00edxeles<\/p>\r\n<p class=\"estiloTextoDescr\">Tama\u00f1o: 1.8 pulgadas<\/p>\r\n<p class=\"estiloTextoDescr\">Colores: &#8211; colores<\/p>\r\n\r\n<\/div>\r\n<div class=\"estiloCaracteristica\">\r\n<h3>Camara<\/h3>\r\n<p class=\"estiloTextoDescr\">Resoluci\u00f3n: VGA<\/p>\r\n<p class=\"estiloTextoDescr\">Video:<\/p>\r\n<p class=\"estiloTextoDescr\">Flash: No<\/p>\r\n<p class=\"estiloTextoDescr\">Frontal: No<\/p>\r\n<p class=\"estiloTextoDescr\">Videoconferencia: No<\/p>\r\n\r\n<\/div>\r\n<div class=\"estiloCaracteristica\">\r\n<h3>Memoria<\/h3>\r\n<p class=\"estiloTextoDescr\">Memoria interna: 128MB<\/p>\r\n<p class=\"estiloTextoDescr\">Memoria RAM: 48MB<\/p>\r\n<p class=\"estiloTextoDescr\">Externa: microSD<\/p>\r\n<p class=\"estiloTextoDescr\">Expandible hasta: 64GB<\/p>\r\n<p class=\"estiloTextoDescr\">Procesador: &#8211;<\/p>\r\n\r\n<\/div>\r\n<div class=\"estiloCaracteristica\">\r\n<h3>Bater\u00eda<\/h3>\r\n<p class=\"estiloTextoDescr\">Bater\u00eda: 1000 mAh<\/p>\r\n<p class=\"estiloTextoDescr\">Carga: &#8211;<\/p>\r\n<p class=\"estiloTextoDescr\">Conector de carga: microUSB<\/p>\r\n\r\n<\/div>\r\n<div class=\"estiloCaracteristica\">\r\n<h3>Dimensiones<\/h3>\r\n<p class=\"estiloTextoDescr\">Medidas\/Peso: 114.4 X 51.3 X 13.6 \/ 81 g<\/p>\r\n\r\n<\/div>\r\n<div class=\"estiloCaracteristica\">\r\n<h3>Datos<\/h3>\r\n<p class=\"estiloTextoDescr\">WiFi: No<\/p>\r\n<p class=\"estiloTextoDescr\">Bluetooth: 2.1<\/p>\r\n<p class=\"estiloTextoDescr\">Doble Chip: Si<\/p>\r\n<p class=\"estiloTextoDescr\">Tama\u00f1o de Chip: Nano Sim<\/p>\r\n\r\n<\/div>\r\n<div class=\"estiloCaracteristica\">\r\n<h3>Audio<\/h3>\r\n<p class=\"estiloTextoDescr\">Conector audio: 3.5 mm<\/p>\r\n\r\n<\/div>\r\n<div class=\"estiloCaracteristica\">\r\n<h3>Otros<\/h3>\r\n<p class=\"estiloTextoDescr\">Compa\u00f1\u00eda telef\u00f3nica: Libre<\/p>\r\n<p class=\"estiloTextoDescr\">Sistema operativo: &#8211;<\/p>\r\n<p class=\"estiloTextoDescr\">A-GPS: No<\/p>\r\n<p class=\"estiloTextoDescr\">Otras caracter\u00edsticas: Bot\u00f3n SOS Linterna<\/p>\r\n\r\n<\/div>","protected":false},"excerpt":{"rendered":"El Joy 4G es un tel\u00e9fono para quienes no buscan m\u00e1s complicaciones. Botones grandes, linterna led de f\u00e1cil acceso y un bot\u00f3n SOS configurable para marcar de manera autom\u00e1tica cualquier n\u00famero de tel\u00e9fono.\r\n\r\n&nbsp;\r\n\r\nImagen Ilustrativa, disponibilidad sujeta a stock.\r\n\r\n&nbsp;\r\n\r\n&nbsp;","protected":false},"featured_media":4334,"comment_status":"open","ping_status":"closed","template":"","meta":[],"_links":{"self":[{"href":"https:\/\/www.ellogo.com.uy\/web\/wp-json\/wp\/v2\/product\/4333"}],"collection":[{"href":"https:\/\/www.ellogo.com.uy\/web\/wp-json\/wp\/v2\/product"}],"about":[{"href":"https:\/\/www.ellogo.com.uy\/web\/wp-json\/wp\/v2\/types\/product"}],"replies":[{"embeddable":true,"href":"https:\/\/www.ellogo.com.uy\/web\/wp-json\/wp\/v2\/comments?post=4333"}],"wp:featuredmedia":[{"embeddable":true,"href":"https:\/\/www.ellogo.com.uy\/web\/wp-json\/wp\/v2\/media\/4334"}],"wp:attachment":[{"href":"https:\/\/www.ellogo.com.uy\/web\/wp-json\/wp\/v2\/media?parent=4333"}],"curies":[{"name":"wp","href":"https:\/\/api.w.org\/{rel}","templated":true}]}}