{"id":4360,"date":"2025-06-05T10:08:44","date_gmt":"2025-06-05T13:08:44","guid":{"rendered":"https:\/\/www.ellogo.com.uy\/web\/?post_type=product&#038;p=4360"},"modified":"2025-06-05T16:10:40","modified_gmt":"2025-06-05T19:10:40","slug":"notebook-asus-mod-vivobook-go-15","status":"publish","type":"product","link":"https:\/\/www.ellogo.com.uy\/web\/producto\/notebook-asus-mod-vivobook-go-15\/","title":{"rendered":"Notebook Asus Mod Vivobook Go 15"},"content":{"rendered":"Color negro.\r\n\r\nSistema Windows 11 Home 64bit pre-instalado.\r\n\r\nProcesador Intel Core i3-N305 1.8GHz (6M Cache, 8 n\u00facleos, hasta 3.8GHz).\r\n\r\n8GB DRAM DDR4 on board.\r\n\r\n256GB UFS 2.1.\r\n\r\nPantalla LED IPS 15.6&#8243; Full HD 1920 z 1080.\r\n\r\nVideo Intel UHD Graphics.\r\n\r\nTeclado en Ingles con teclado num\u00e9rico.\r\n\r\nSonido HD con parlante integrado.\r\n\r\nWiFi 6E 208.11 ax + Bluetooth 5.3.\r\n\r\nC\u00e1mara web con micr\u00f3fono integrado.\r\n\r\nBater\u00eda de 3 celdas 42 WHr.\r\n\r\nDimensiones: 36.03 x 23.25 x 1.79 cm.\r\n\r\nPeso: 1.63 Kg.\r\n\r\nPuertos disponibles:\r\n\r\n1 HDMI 1.4\r\n\r\n1 USB 3.2 Tipo C.\r\n\r\n1 USB 3.2.\r\n\r\n1 USB 2.0\r\n\r\n1 combo audio jack.\r\n\r\n&nbsp;","protected":false},"excerpt":{"rendered":"La Notebook Asus Vivobook Go 15 cuenta con un procesador AMD Ryzen 5 de 4 potentes n\u00facleos y 8 GB de memoria LDDR5 ultra r\u00e1pida, adem\u00e1s de 256GB de almacenamiento ultra r\u00e1pido tecnolog\u00eda SSD PCie M.\u00a02\u00a0para ayudarlo a completar todas sus misiones de productividad.\r\n\r\nImagen Ilustrativa, disponibilidad sujeta a stock.","protected":false},"featured_media":4361,"comment_status":"open","ping_status":"closed","template":"","meta":[],"_links":{"self":[{"href":"https:\/\/www.ellogo.com.uy\/web\/wp-json\/wp\/v2\/product\/4360"}],"collection":[{"href":"https:\/\/www.ellogo.com.uy\/web\/wp-json\/wp\/v2\/product"}],"about":[{"href":"https:\/\/www.ellogo.com.uy\/web\/wp-json\/wp\/v2\/types\/product"}],"replies":[{"embeddable":true,"href":"https:\/\/www.ellogo.com.uy\/web\/wp-json\/wp\/v2\/comments?post=4360"}],"wp:featuredmedia":[{"embeddable":true,"href":"https:\/\/www.ellogo.com.uy\/web\/wp-json\/wp\/v2\/media\/4361"}],"wp:attachment":[{"href":"https:\/\/www.ellogo.com.uy\/web\/wp-json\/wp\/v2\/media?parent=4360"}],"curies":[{"name":"wp","href":"https:\/\/api.w.org\/{rel}","templated":true}]}}