{"id":4434,"date":"2025-06-06T12:12:34","date_gmt":"2025-06-06T15:12:34","guid":{"rendered":"https:\/\/www.ellogo.com.uy\/web\/?post_type=product&#038;p=4434"},"modified":"2025-06-06T12:14:35","modified_gmt":"2025-06-06T15:14:35","slug":"router-archer-ax12","status":"publish","type":"product","link":"https:\/\/www.ellogo.com.uy\/web\/producto\/router-archer-ax12\/","title":{"rendered":"Router Archer AX12"},"content":{"rendered":"<div class=\"WaaZC\">\r\n<div class=\"RJPOee EIJn2\">\r\n<div class=\"rPeykc pyPiTc\" data-hveid=\"CAoQAQ\" data-ved=\"2ahUKEwi8o8KOiN2NAxVHrZUCHS0fIUQQo_EKegQIChAB\"><\/div>\r\n<\/div>\r\n<\/div>\r\n<div class=\"WaaZC\">\r\n<div class=\"RJPOee EIJn2\">\r\n<ul data-hveid=\"CC8QAQ\" data-ved=\"2ahUKEwi8o8KOiN2NAxVHrZUCHS0fIUQQm_YKegQILxAB\">\r\n \t<li><span data-huuid=\"13077385040366382842\"><strong>Wi-Fi 6:<\/strong>\u00a0<\/span><span data-huuid=\"13077385040366382165\">La tecnolog\u00eda Wi-Fi 6 permite velocidades m\u00e1s r\u00e1pidas, mayor capacidad y menor congesti\u00f3n de red.<span class=\"pjBG2e\" data-cid=\"2c5bdf09-5545-4ab9-9e27-b436e28d3db9\"><span class=\"UV3uM\">\u00a0<\/span><\/span><\/span>\r\n<div class=\"NPrrbc\" data-cid=\"2c5bdf09-5545-4ab9-9e27-b436e28d3db9\" data-uuids=\"13077385040366382842,13077385040366382165\">\r\n<div class=\"BMebGe btku5b fCrZyc LwdV0e FR7ZSc OJeuxf\" tabindex=\"0\" role=\"button\" aria-label=\"Ver v\u00ednculos relacionados\" data-hveid=\"CCQQAQ\" data-ved=\"2ahUKEwi8o8KOiN2NAxVHrZUCHS0fIUQQ3fYKegQIJBAB\">\r\n<div class=\"niO4u\">\r\n<div class=\"kHtcsd\"><\/div>\r\n<\/div>\r\n<\/div>\r\n<\/div><\/li>\r\n \t<li><span data-huuid=\"13077385040366380811\"><strong>Doble Banda:<\/strong>\u00a0<\/span><span data-huuid=\"13077385040366380134\">Operando en 2.4 GHz y 5 GHz simult\u00e1neamente, ofrece flexibilidad y rendimiento para diferentes necesidades.<span class=\"pjBG2e\" data-cid=\"1261468d-ce10-474d-96f5-639b0acc72a8\"><span class=\"UV3uM\">\u00a0<\/span><\/span><\/span>\r\n<div class=\"NPrrbc\" data-cid=\"1261468d-ce10-474d-96f5-639b0acc72a8\" data-uuids=\"13077385040366380811,13077385040366380134\">\r\n<div class=\"BMebGe btku5b fCrZyc LwdV0e FR7ZSc OJeuxf\" tabindex=\"0\" role=\"button\" aria-label=\"Ver v\u00ednculos relacionados\" data-hveid=\"CCMQAQ\" data-ved=\"2ahUKEwi8o8KOiN2NAxVHrZUCHS0fIUQQ3fYKegQIIxAB\">\r\n<div class=\"niO4u\">\r\n<div class=\"kHtcsd\"><\/div>\r\n<\/div>\r\n<\/div>\r\n<\/div><\/li>\r\n \t<li><span data-huuid=\"13077385040366382876\"><strong>Velocidades de 1.5 Gbps:<\/strong>\u00a0<\/span><span data-huuid=\"13077385040366382199\">Ofrece velocidades de hasta 1201 Mbps en la banda de 5 GHz y 300 Mbps en la banda de 2.4 GHz.<span class=\"pjBG2e\" data-cid=\"32b21caa-c5f5-40f9-956f-940f7b0b4f1c\"><span class=\"UV3uM\">\u00a0<\/span><\/span><\/span>\r\n<div class=\"NPrrbc\" data-cid=\"32b21caa-c5f5-40f9-956f-940f7b0b4f1c\" data-uuids=\"13077385040366382876,13077385040366382199\">\r\n<div class=\"BMebGe btku5b fCrZyc LwdV0e FR7ZSc OJeuxf\" tabindex=\"0\" role=\"button\" aria-label=\"Ver v\u00ednculos relacionados\" data-hveid=\"CB8QAQ\" data-ved=\"2ahUKEwi8o8KOiN2NAxVHrZUCHS0fIUQQ3fYKegQIHxAB\">\r\n<div class=\"niO4u\">\r\n<div class=\"kHtcsd\"><\/div>\r\n<\/div>\r\n<\/div>\r\n<\/div><\/li>\r\n \t<li><span data-huuid=\"13077385040366380845\"><strong>Conectividad para m\u00e1s dispositivos:<\/strong>\u00a0<\/span><span data-huuid=\"13077385040366380168\">Tecnolog\u00eda OFDMA y MU-MIMO para una mayor eficiencia y menor retraso.<span class=\"pjBG2e\" data-cid=\"2503f966-176f-4ca3-8c28-93d394fc9723\"><span class=\"UV3uM\">\u00a0<\/span><\/span><\/span>\r\n<div class=\"NPrrbc\" data-cid=\"2503f966-176f-4ca3-8c28-93d394fc9723\" data-uuids=\"13077385040366380845,13077385040366380168\">\r\n<div class=\"BMebGe btku5b fCrZyc LwdV0e FR7ZSc OJeuxf\" tabindex=\"0\" role=\"button\" aria-label=\"Ver v\u00ednculos relacionados\" data-hveid=\"CCEQAQ\" data-ved=\"2ahUKEwi8o8KOiN2NAxVHrZUCHS0fIUQQ3fYKegQIIRAB\">\r\n<div class=\"niO4u\">\r\n<div class=\"kHtcsd\"><\/div>\r\n<\/div>\r\n<\/div>\r\n<\/div><\/li>\r\n \t<li><span data-huuid=\"13077385040366382910\"><strong>Cobertura m\u00e1s confiable:<\/strong>\u00a0<\/span><span data-huuid=\"13077385040366382233\">Beamforming y cuatro antenas para enfocar la se\u00f1al en tus dispositivos.<span class=\"pjBG2e\" data-cid=\"f0900275-bcda-4f64-836c-4d608cb50cc4\"><span class=\"UV3uM\">\u00a0<\/span><\/span><\/span>\r\n<div class=\"NPrrbc\" data-cid=\"f0900275-bcda-4f64-836c-4d608cb50cc4\" data-uuids=\"13077385040366382910,13077385040366382233\">\r\n<div class=\"BMebGe btku5b fCrZyc LwdV0e FR7ZSc OJeuxf\" tabindex=\"0\" role=\"button\" aria-label=\"Ver v\u00ednculos relacionados\" data-hveid=\"CCcQAQ\" data-ved=\"2ahUKEwi8o8KOiN2NAxVHrZUCHS0fIUQQ3fYKegQIJxAB\">\r\n<div class=\"niO4u\">\r\n<div class=\"kHtcsd\"><\/div>\r\n<\/div>\r\n<\/div>\r\n<\/div><\/li>\r\n \t<li><span data-huuid=\"13077385040366380879\"><strong>Mayor duraci\u00f3n de la bater\u00eda:<\/strong>\u00a0<\/span><span data-huuid=\"13077385040366380202\">Tecnolog\u00eda Target Wake Time para reducir el consumo de energ\u00eda de tus dispositivos.<span class=\"pjBG2e\" data-cid=\"7d05b475-1e24-4732-ba8a-b8ac8ddb1490\"><span class=\"UV3uM\">\u00a0<\/span><\/span><\/span>\r\n<div class=\"NPrrbc\" data-cid=\"7d05b475-1e24-4732-ba8a-b8ac8ddb1490\" data-uuids=\"13077385040366380879,13077385040366380202\">\r\n<div class=\"BMebGe btku5b fCrZyc LwdV0e FR7ZSc OJeuxf\" tabindex=\"0\" role=\"button\" aria-label=\"Ver v\u00ednculos relacionados\" data-hveid=\"CCAQAQ\" data-ved=\"2ahUKEwi8o8KOiN2NAxVHrZUCHS0fIUQQ3fYKegQIIBAB\">\r\n<div class=\"niO4u\">\r\n<div class=\"kHtcsd\"><\/div>\r\n<\/div>\r\n<\/div>\r\n<\/div><\/li>\r\n \t<li><span data-huuid=\"13077385040366382944\"><strong>F\u00e1cil configuraci\u00f3n:<\/strong>\u00a0<\/span><span data-huuid=\"13077385040366382267\">La aplicaci\u00f3n\u00a0<\/span>TP-Link Tether\u00a0<span data-huuid=\"13077385040366382267\">facilita la configuraci\u00f3n en minutos.<\/span>\r\n<div class=\"NPrrbc\" data-cid=\"40be0397-7ea6-4bd1-8782-f0f09cf84219\" data-uuids=\"13077385040366382944,13077385040366382267\">\r\n<div class=\"BMebGe btku5b fCrZyc LwdV0e FR7ZSc OJeuxf\" tabindex=\"0\" role=\"button\" aria-label=\"Ver v\u00ednculos relacionados\" data-hveid=\"CB0QAg\" data-ved=\"2ahUKEwi8o8KOiN2NAxVHrZUCHS0fIUQQ3fYKegQIHRAC\">\r\n<div class=\"niO4u\">\r\n<div class=\"kHtcsd\"><\/div>\r\n<\/div>\r\n<\/div>\r\n<\/div><\/li>\r\n \t<li><span data-huuid=\"13077385040366380913\"><strong>Retrocompatibilidad:<\/strong>\u00a0<\/span><span data-huuid=\"13077385040366380236\">Compatible con est\u00e1ndares Wi-Fi anteriores.<span class=\"pjBG2e\" data-cid=\"e2948cd0-b92a-4260-b854-c56f02dd3655\"><span class=\"UV3uM\">\u00a0<\/span><\/span><\/span>\r\n<div class=\"NPrrbc\" data-cid=\"e2948cd0-b92a-4260-b854-c56f02dd3655\" data-uuids=\"13077385040366380913,13077385040366380236\">\r\n<div class=\"BMebGe btku5b fCrZyc LwdV0e FR7ZSc OJeuxf\" tabindex=\"0\" role=\"button\" aria-label=\"Ver v\u00ednculos relacionados\" data-hveid=\"CCUQAQ\" data-ved=\"2ahUKEwi8o8KOiN2NAxVHrZUCHS0fIUQQ3fYKegQIJRAB\">\r\n<div class=\"niO4u\">\r\n<div class=\"kHtcsd\"><\/div>\r\n<\/div>\r\n<\/div>\r\n<\/div><\/li>\r\n \t<li><span data-huuid=\"13077385040366382978\"><strong>Puertos Gigabit Ethernet:<\/strong>\u00a0<\/span><span data-huuid=\"13077385040366382301\">Todos los puertos Gigabit Ethernet te permiten aprovechar al m\u00e1ximo tu banda ancha de hasta 1 Gbps.<span class=\"pjBG2e\" data-cid=\"fab44b14-5460-466e-be67-2c6b29b30d44\"><span class=\"UV3uM\">\u00a0<\/span><\/span><\/span><\/li>\r\n<\/ul>\r\n<\/div>\r\n<\/div>","protected":false},"excerpt":{"rendered":"<span data-huuid=\"15696214279625905806\">El Archer AX12<\/span>\u00a0es un router de doble banda que utiliza la tecnolog\u00eda Wi-Fi 6 (802.11ax), ofreciendo velocidades de hasta 1.5 Gbps.<span data-huuid=\"15696214279625904615\">Posee un dise\u00f1o que enfoca la se\u00f1al de Wi-Fi para una cobertura m\u00e1s confiable.<span class=\"pjBG2e\" data-cid=\"668dde7a-6fb5-4c0d-822e-f9dbda1f1d45\"><span class=\"UV3uM\">\u00a0<\/span><\/span><\/span>\r\n\r\n&nbsp;\r\n\r\nImagen Ilustrativa, disponibilidad sujeta a stock.","protected":false},"featured_media":4437,"comment_status":"open","ping_status":"closed","template":"","meta":[],"_links":{"self":[{"href":"https:\/\/www.ellogo.com.uy\/web\/wp-json\/wp\/v2\/product\/4434"}],"collection":[{"href":"https:\/\/www.ellogo.com.uy\/web\/wp-json\/wp\/v2\/product"}],"about":[{"href":"https:\/\/www.ellogo.com.uy\/web\/wp-json\/wp\/v2\/types\/product"}],"replies":[{"embeddable":true,"href":"https:\/\/www.ellogo.com.uy\/web\/wp-json\/wp\/v2\/comments?post=4434"}],"wp:featuredmedia":[{"embeddable":true,"href":"https:\/\/www.ellogo.com.uy\/web\/wp-json\/wp\/v2\/media\/4437"}],"wp:attachment":[{"href":"https:\/\/www.ellogo.com.uy\/web\/wp-json\/wp\/v2\/media?parent=4434"}],"curies":[{"name":"wp","href":"https:\/\/api.w.org\/{rel}","templated":true}]}}