{"id":4444,"date":"2025-06-09T09:41:56","date_gmt":"2025-06-09T12:41:56","guid":{"rendered":"https:\/\/www.ellogo.com.uy\/web\/?post_type=product&#038;p=4444"},"modified":"2025-06-09T09:43:06","modified_gmt":"2025-06-09T12:43:06","slug":"router-deco-57-ac1900","status":"publish","type":"product","link":"https:\/\/www.ellogo.com.uy\/web\/producto\/router-deco-57-ac1900\/","title":{"rendered":"Router Deco 57 AC1900"},"content":{"rendered":"<strong>Marca:<\/strong>\u00a0TP-LINK\r\n<strong>Modelo:<\/strong>\u00a0DECO S7 (Pack x1)\r\n<strong>Tipo:<\/strong>\u00a0Access Point Deco Dual Band Mesh, Kit 3 Unidades\r\n<strong>Est\u00e1ndares WiFi<\/strong>\u00a0<strong>5:<\/strong>\u00a0IEEE 802.11ac\/n\/a 5 GHz, IEEE 802.11n\/b\/g 2.4 GHz\r\n<strong>Velocidades WiFi AC1900:<\/strong>\r\n&#8211; 5 GHz: 1300 Mbps (802.11ac)\r\n&#8211; 2.4 GHz: 600 Mbps (802.11n)\r\n<strong>Rango WiFi:<\/strong>\u00a0Casas de 3 a 5 dormitorios (utilizando 3 unidades Deco)\r\n<strong>Antena:\u00a0<\/strong>3 x Antenas Internas (m\u00faltiples antenas forman un conjunto de refuerzo de se\u00f1al para cubrir m\u00e1s direcciones y \u00e1reas grandes)\r\n<strong>Capacidad WiFi:<\/strong>\u00a0Medio Doble banda\r\n<strong>MU-MIMO:<\/strong>\u00a0Se comunica simult\u00e1neamente con m\u00faltiples clientes MU-MIMO\r\n<strong>Modos de trabajo:<\/strong>\u00a0Modo de enrutador \/ Modo de punto de acceso\r\n<strong>Puertos Ethernet:<\/strong>\u00a03 puertos Gigabit\r\n<strong>Por Unidad Deco:<\/strong>\u00a0Admite detecci\u00f3n autom\u00e1tica de WAN\/LAN\r\n<strong>Cifrado WiFi:<\/strong>\u00a0WPA-Personal, WPA2-Personal\r\n<strong>Seguridad de Red:<\/strong>\u00a0Cortafuegos SPI\r\n<strong>Red de Invitados:<\/strong>\u00a01 \u00d7 red de invitados de 5 GHz, 1 \u00d7 red de invitados de 2,4 GHz","protected":false},"excerpt":{"rendered":"El Deco 57 AC1900 es un sistema Wi-Fi mesh de doble banda con tecnolog\u00eda AC1900, que ofrece velocidades de hasta 600 Mbps en 2.4 GHz y 1300 Mbps en 5 GHz. Permite conectar hasta 100 dispositivos simult\u00e1neamente y proporciona una cobertura Wi-Fi amplia y estable en toda la casa.<span class=\"pjBG2e\" data-cid=\"fce84638-7e97-4129-bad9-732e9361857a\"><span class=\"UV3uM\">\u00a0<\/span><\/span>\r\n\r\n&nbsp;\r\n\r\nImagen Ilustrativa, disponibilidad sujeta a stock.","protected":false},"featured_media":4445,"comment_status":"open","ping_status":"closed","template":"","meta":[],"_links":{"self":[{"href":"https:\/\/www.ellogo.com.uy\/web\/wp-json\/wp\/v2\/product\/4444"}],"collection":[{"href":"https:\/\/www.ellogo.com.uy\/web\/wp-json\/wp\/v2\/product"}],"about":[{"href":"https:\/\/www.ellogo.com.uy\/web\/wp-json\/wp\/v2\/types\/product"}],"replies":[{"embeddable":true,"href":"https:\/\/www.ellogo.com.uy\/web\/wp-json\/wp\/v2\/comments?post=4444"}],"wp:featuredmedia":[{"embeddable":true,"href":"https:\/\/www.ellogo.com.uy\/web\/wp-json\/wp\/v2\/media\/4445"}],"wp:attachment":[{"href":"https:\/\/www.ellogo.com.uy\/web\/wp-json\/wp\/v2\/media?parent=4444"}],"curies":[{"name":"wp","href":"https:\/\/api.w.org\/{rel}","templated":true}]}}