{"id":4477,"date":"2025-06-23T11:46:53","date_gmt":"2025-06-23T14:46:53","guid":{"rendered":"https:\/\/www.ellogo.com.uy\/web\/?post_type=product&#038;p=4477"},"modified":"2025-06-23T16:00:53","modified_gmt":"2025-06-23T19:00:53","slug":"torre-gamer-ryzen-5-8500g","status":"publish","type":"product","link":"https:\/\/www.ellogo.com.uy\/web\/producto\/torre-gamer-ryzen-5-8500g\/","title":{"rendered":"Torre Gamer Ryzen 5 8500G"},"content":{"rendered":"<a href=\"https:\/\/www.deepcool.com\/products\/Cases\/CC360-ARGB-M-ATX-Airflow-Case\/2023\/16791.shtml\" target=\"_blank\" rel=\"noopener\">Gabinete Deepcool CC360 ARGB Negro<\/a>\u00a0(GAB173)\r\n<a href=\"https:\/\/es.deepcool.com\/products\/PowerSupplyUnits\/powersupplyunits\/PF550D-230V-Power-Supply-Unit\/2021\/15291.shtml\" target=\"_blank\" rel=\"noopener\">Fuente Deepcool 550W 80 Plus<\/a>\u00a0(FUE131)\r\n<a href=\"https:\/\/www.amd.com\/es\/products\/processors\/desktops\/ryzen\/8000-series\/amd-ryzen-5-8500g.html\" target=\"_blank\" rel=\"noopener\">Procesador AMD Ryzen 5 8500G Box 3.5Ghz<\/a>\u00a0(PRO227)\r\n<a href=\"https:\/\/www.biostar.com.tw\/app\/en\/mb\/introduction.php?S_ID=1153\" target=\"_blank\" rel=\"noopener\">Mother Biostar A620MS AM5<\/a>\u00a0(MOT146)\r\n<a href=\"http:\/\/www.kingston.com\/datasheets\/KF556C40BB-16.pdf\" target=\"_blank\" rel=\"noopener\">Memoria Kingston Fury Beast DDR5 16GB 5600MHz<\/a>\u00a0(MEM430)\r\n<a href=\"https:\/\/www.kingston.com\/latam\/ssd\/nv3-nvme-pcie-ssd?capacity=1tb\" target=\"_blank\" rel=\"noopener\">Disco SSD NV3 Kingston 1000GB NVMe M.2 PCIe 2280<\/a>\u00a0(DIS386)\r\nGr\u00e1ficos AMD Radeon&#x2122; 740M","protected":false},"excerpt":{"rendered":"Potencia y velocidad en un solo equipo. Este PC armado con procesador AMD Ryzen 5 8500G de \u00faltima generaci\u00f3n te ofrece un rendimiento s\u00f3lido para gaming, streaming y multitarea. Equipado con 16GB de RAM DDR4 y un r\u00e1pido almacenamiento NVMe de 1TB, vas a disfrutar de cargas ultra r\u00e1pidas y espacio m\u00e1s que suficiente para juegos, programas y archivos. Los gr\u00e1ficos integrados Radeon permiten jugar t\u00edtulos populares sin necesidad de una tarjeta gr\u00e1fica dedicada, ideal para quienes buscan una experiencia fluida sin gastar de m\u00e1s.\r\n\r\n&nbsp;\r\n\r\nImagen Ilustrativa, disponibilidad sujeta a stock.","protected":false},"featured_media":4478,"comment_status":"open","ping_status":"closed","template":"","meta":[],"_links":{"self":[{"href":"https:\/\/www.ellogo.com.uy\/web\/wp-json\/wp\/v2\/product\/4477"}],"collection":[{"href":"https:\/\/www.ellogo.com.uy\/web\/wp-json\/wp\/v2\/product"}],"about":[{"href":"https:\/\/www.ellogo.com.uy\/web\/wp-json\/wp\/v2\/types\/product"}],"replies":[{"embeddable":true,"href":"https:\/\/www.ellogo.com.uy\/web\/wp-json\/wp\/v2\/comments?post=4477"}],"wp:featuredmedia":[{"embeddable":true,"href":"https:\/\/www.ellogo.com.uy\/web\/wp-json\/wp\/v2\/media\/4478"}],"wp:attachment":[{"href":"https:\/\/www.ellogo.com.uy\/web\/wp-json\/wp\/v2\/media?parent=4477"}],"curies":[{"name":"wp","href":"https:\/\/api.w.org\/{rel}","templated":true}]}}